{"id":159,"date":"2025-03-19T17:15:28","date_gmt":"2025-03-19T20:15:28","guid":{"rendered":"https:\/\/rubrow.ar\/index.php\/la-importancia-de-sitios-web-autoadministrables-para-el-comercio-electronico\/"},"modified":"2025-03-19T17:15:28","modified_gmt":"2025-03-19T20:15:28","slug":"la-importancia-de-sitios-web-autoadministrables-para-el-comercio-electronico","status":"publish","type":"page","link":"https:\/\/rubrow.ar\/index.php\/la-importancia-de-sitios-web-autoadministrables-para-el-comercio-electronico\/","title":{"rendered":"La Importancia de Sitios Web Autoadministrables para el Comercio Electr\u00f3nico"},"content":{"rendered":"<h2 class=\"wp-block-heading\">\u00bfQu\u00e9 son los Sitios Web Autoadministrables?<\/h2>\n\n<p>Los sitios web autoadministrables son plataformas que permiten a los usuarios gestionar su contenido de manera independiente, sin necesidad de conocimientos t\u00e9cnicos avanzados. Este tipo de sitios se ha vuelto esencial para las empresas que buscan establecer una fuerte presencia en l\u00ednea y mejorar su imagen visual.<\/p>\n\n<h2 class=\"wp-block-heading\">Ventajas del Comercio Electr\u00f3nico<\/h2>\n\n<p>El comercio electr\u00f3nico ha revolucionado la manera en que las empresas interact\u00faan con sus clientes. Con un sitio web autoadministrable, las empresas pueden actualizar sus productos, precios y promociones en tiempo real. Esta flexibilidad incrementa la capacidad de respuesta ante el mercado y permite a las empresas adaptarse r\u00e1pidamente a las preferencias del consumidor.<\/p>\n\n<h2 class=\"wp-block-heading\">Presencia e Imagen Visual Efectiva<\/h2>\n\n<p>La presencia en l\u00ednea no se trata solo de estar presente; se trata de destacar. Los sitios web autoadministrables ofrecen herramientas para personalizar la est\u00e9tica y la funcionalidad del sitio, lo que se traduce en una mejor experiencia del usuario. Una imagen visual atractiva y coherente contribuye a la construcci\u00f3n de una marca s\u00f3lida, impulsando la confianza y la fidelidad del cliente.<\/p>\n\n<p>En conclusi\u00f3n, la implementaci\u00f3n de sitios web autoadministrables es una decisi\u00f3n estrat\u00e9gica clave para cualquier negocio que quiera prosperar en el mundo del comercio electr\u00f3nico. Al proporcionar flexibilidad en la gesti\u00f3n del contenido y una fuerte presencia visual, estos sitios no solo mejoran la imagen de la marca, sino que tambi\u00e9n facilitan el crecimiento y la captaci\u00f3n de clientes.<\/p>","protected":false},"excerpt":{"rendered":"<p>\u00bfQu\u00e9 son los Sitios Web Autoadministrables? Los sitios web autoadministrables son plataformas que permiten a los usuarios gestionar su contenido de manera independiente, sin necesidad de conocimientos t\u00e9cnicos avanzados. Este tipo de sitios se ha vuelto esencial para las empresas que buscan establecer una fuerte presencia en l\u00ednea y mejorar su imagen visual. Ventajas del &#8230; <a title=\"La Importancia de Sitios Web Autoadministrables para el Comercio Electr\u00f3nico\" class=\"read-more\" href=\"https:\/\/rubrow.ar\/index.php\/la-importancia-de-sitios-web-autoadministrables-para-el-comercio-electronico\/\" aria-label=\"Leer m\u00e1s sobre La Importancia de Sitios Web Autoadministrables para el Comercio Electr\u00f3nico\">Leer m\u00e1s<\/a><\/p>\n","protected":false},"author":1,"featured_media":158,"parent":0,"menu_order":0,"comment_status":"closed","ping_status":"closed","template":"","meta":{"footnotes":""},"class_list":["post-159","page","type-page","status-publish","has-post-thumbnail"],"_hostinger_reach_plugin_has_subscription_block":false,"_hostinger_reach_plugin_is_elementor":false,"_links":{"self":[{"href":"https:\/\/rubrow.ar\/index.php\/wp-json\/wp\/v2\/pages\/159","targetHints":{"allow":["GET"]}}],"collection":[{"href":"https:\/\/rubrow.ar\/index.php\/wp-json\/wp\/v2\/pages"}],"about":[{"href":"https:\/\/rubrow.ar\/index.php\/wp-json\/wp\/v2\/types\/page"}],"author":[{"embeddable":true,"href":"https:\/\/rubrow.ar\/index.php\/wp-json\/wp\/v2\/users\/1"}],"replies":[{"embeddable":true,"href":"https:\/\/rubrow.ar\/index.php\/wp-json\/wp\/v2\/comments?post=159"}],"version-history":[{"count":0,"href":"https:\/\/rubrow.ar\/index.php\/wp-json\/wp\/v2\/pages\/159\/revisions"}],"wp:featuredmedia":[{"embeddable":true,"href":"https:\/\/rubrow.ar\/index.php\/wp-json\/wp\/v2\/media\/158"}],"wp:attachment":[{"href":"https:\/\/rubrow.ar\/index.php\/wp-json\/wp\/v2\/media?parent=159"}],"curies":[{"name":"wp","href":"https:\/\/api.w.org\/{rel}","templated":true}]}}